- 1)*i. What is the highest common divisor of r and b?
6
Let y(b) = 8*b**2 - 5*b - 4. Let a be y(-4). Calculate the greatest common factor of 16 and a.
16
Let t be (33 + 3 + -2)/2. Let v(r) = 29*r - 1 + 3 - 36*r - 32*r. Let x be v(-3). What is the greatest common factor of x and t?
17
Suppose -x + 15 = f, 8*x + 2*f - 60 = 3*x. What is the highest common divisor of x and 110?
10
Let w(c) = -2*c + 12. Let b be w(-4). Let g(p) = 5*p**2 - 7*p + 2. Let m be g(6). What is the greatest common divisor of m and b?
20
Let m be 3*(0 - 30/(-3)). Suppose -3*r + m = -48. Suppose -117 = -y - 2*y. Calculate the highest common factor of y and r.
13
Let l = -18 + 30. Let u = 3 - 3. Let t be (u + -7)*(-12)/7. Calculate the highest common divisor of t and l.
12
Suppose -617 = -m - 4*q, 0 = -8*m + 3*m + q + 3022. Suppose i - m = -5*f, -4*f - 3*i + 230 + 254 = 0. What is the greatest common factor of 11 and f?
11
Let h be (-166)/(-2) - (-1 - -4). What is the greatest common divisor of h and 10?
10
Let n(f) = -38*f**3 - f**2 - 2*f - 1. Let c be n(-1). Suppose 4*a - 106 = c. Suppose 5*q - 15 - 30 = 0. What is the greatest common divisor of q and a?
9
Let f(n) = -n**3 + 9*n**2 + 2. Let o be f(9). Suppose -27 = -o*r - r. Calculate the highest common factor of 99 and r.
9
Suppose 1445 - 345 = 4*r. What is the greatest common factor of 25 and r?
25
Let j = -20 - -24. What is the greatest common factor of j and 32?
4
Let w(k) be the third derivative of 23*k**4/24 + k**3/3 + 2*k**2. Let f be w(3). Suppose 5*o - f - 49 = 0. What is the greatest common factor of o and 8?
8
Let i be -1 - -2 - (-73 + -6). Let w = 5 + 5. What is the greatest common factor of i and w?
10
Let b be 96/3*(-2)/(-4). Suppose 3*y + 14 = 4*m, 13 + 1 = -4*y + 3*m. Let a = y + 4. Calculate the greatest common divisor of a and b.
2
Suppose 0 = -0*u - 4*u + 28. Calculate the highest common divisor of 1 and u.
1
Suppose -3*a + 15 + 3 = 0. Let z = a + -8. Let h be 24 + z + (-2)/(-1). What is the greatest common factor of 8 and h?
8
Suppose -6*z + z + 40 = 0. Let g be (-141)/(-4) + 1/(-4). Suppose -s + 53 = -g. What is the highest common divisor of z and s?
8
Suppose -5*f + 15 = -2*a, f + 4*f - 10 = 3*a. Suppose -w = 3, -j + a*w = 3*w - 127. What is the greatest common factor of 11 and j?
11
Suppose 3*x + 5*y - 32 + 7 = 0, y = 2*x - 8. Suppose j + 2*g + 7 = 0, g - 4 = x*j - 2. Let p be j/((-3)/105 - 0). What is the highest common factor of p and 5?
5
Suppose 0 = 2*z - 5*y - 394, -3*z + 3*y = -4*z + 175. Calculate the greatest common factor of 17 and z.
17
Let z = 89 + 41. What is the highest common factor of z and 52?
26
Let q = 7 - 4. Let i(o) = -o**3 + 27. Let b be i(0). Calculate the greatest common divisor of q and b.
3
Suppose 0 = -3*f - 46 + 127. Suppose 2*k + 71 = -1. Let u be 3/4 + k/(-16). Calculate the highest common divisor of f and u.
3
Let z(o) = o**3 - 8*o**2 + o + 1. Let f be z(8). Suppose 2*m - 4*b = 78 + 24, 2*b = -m + 39. What is the highest common divisor of f and m?
9
Let k(m) = 8 + m**3 + 0*m**3 + 4*m + m - 7*m**2. Let v be k(6). Suppose 0 = 2*w + 5*u - 19, w + 1 - 3 = -4*u. Calculate the greatest common divisor of v and w.
2
Suppose -5*h + 80 = 5*g, 5*h = -6*g + 2*g + 78. Let m be (28/3)/(2/15). Calculate the greatest common divisor of h and m.
14
Suppose 85 = -5*c + 3*m, 33 - 6 = -3*c - 3*m. Let t be (5 + -7)*c/4. Suppose -t*l + 48 = -3*l. What is the greatest common divisor of l and 84?
12
Let c be (3/(-9))/(3/(-9)). Suppose 0 = d + c - 2. Let f = d - -1. What is the greatest common divisor of 12 and f?
2
Let q be (-266)/(-6) + 2/(-6). Let z(t) = 3*t - 1. Let b be z(4). What is the greatest common divisor of b and q?
11
Let d = 67 + -12. What is the highest common factor of d and 5?
5
Let s = -69 - -167. What is the highest common divisor of s and 14?
14
Let t(k) = -23*k + 1. Let m be (-6)/3 - 1 - 2. Let r = m - -2. Let u be t(r). Calculate the highest common factor of u and 28.
14
Let f(u) = -87*u - 8. Let w be f(-3). Calculate the greatest common divisor of w and 23.
23
Suppose 0 = -3*w - 4*f + 6*f + 11, 4*w - 4*f = 20. Calculate the highest common divisor of 16 and w.
1
Let x be 18*-10*(-4)/10. Calculate the highest common factor of 18 and x.
18
Let d(i) = -5*i + 5. Let c be d(-3). Let n be ((-47)/2)/(2/(-4)). Let w = n - c. What is the greatest common divisor of 3 and w?
3
Suppose -3*z - 8 = -4*x, 4 = 4*z + x + 2. Suppose 81 = 5*u + 3*w, z = 2*w + 5 + 1. Suppose 0*k - u = -k. What is the greatest common divisor of 12 and k?
6
Suppose -171 = -4*v + 3*v - f, 3*v - f = 501. What is the greatest common divisor of 24 and v?
24
Let c be (3 + -83)*(5/4 + -2). What is the highest common divisor of 24 and c?
12
Suppose 170 = 5*i - 0*i. Calculate the highest common divisor of 17 and i.
17
Let f(n) = -30*n - 2. Let j be f(-1). Calculate the highest common divisor of j and 252.
28
Suppose 6 = -5*d + 2*d - 3*k, 0 = -5*d + 2*k + 11. Let y be d - -1 - (3 - 2). What is the greatest common factor of 3 and y?
1
Suppose 120*h - 113*h - 140 = 0. Calculate the greatest common factor of 220 and h.
20
Let n be 4 - (-2)/(4 - 2). Suppose -2*u = -5*u + n*w + 16, 24 = 3*u - 3*w. Let d = -46 + 64. What is the highest common divisor of u and d?
6
Let r(x) = -x - 2. Let m be r(-7). Suppose 3*t = -3*w - 2*t + 65, 5 = m*t. Calculate the highest common factor of w and 20.
20
Let k(n) = 2*n + 12. Let c be k(5). Calculate the highest common divisor of c and 33.
11
Let w be 2/(-7) - (-20)/70. Let o be -3 + w - (-12 + 0). What is the greatest common factor of o and 81?
9
Let t(r) = 5*r + 10. Let d(b) = -25*b. Let w be d(-1). Let q = w - 18. Let u be t(q). Calculate the greatest common factor of u and 15.
15
Let x(u) = 2*u**2 - u - 2. Let m be x(2). Suppose -2*p + 6 + m = 0. Calculate the greatest common factor of 25 and p.
5
Suppose x - 100 = -5*m, 2*x - 192 = -5*m - 7. Suppose -6*o = -2*o - 68. Calculate the greatest common factor of o and x.
17
Suppose 0*s - k - 97 = 3*s, 0 = 4*s + 4*k + 116. Let o = s - -70. Suppose 2*c - 3*z - 50 = -5*z, 3*c - 70 = 2*z. What is the greatest common divisor of c and o?
12
Let r be (-1)/2 - 170/(-4). Calculate the highest common divisor of r and 21.
21
Let l be (-12)/((-135)/(-50) + -3). Calculate the highest common factor of 5 and l.
5
Let s(d) = d + 1. Let p be 1/(-3)*-6*2. Let q be s(p). Calculate the greatest common factor of q and 5.
5
Suppose 8*g - 120 = 4*g. Calculate the highest common factor of 20 and g.
10
Suppose 4*x - 4*p - 60 = 0, 4*x + 4*p - 53 = p. Let z be (-128)/(-6) + (-3)/9. What is the greatest common divisor of z and x?
7
Let j = -32 - -15. Let o be 6/(-4)*(j - -3). Calculate the highest common factor of 3 and o.
3
Let b = 66 + -26. What is the highest common divisor of b and 100?
20
Let q(w) = w**2 - 4. Let u be q(3). Let n = -2 + 6. Suppose v + n = 0, 5*h + 2*v = u*v + 172. What is the highest common divisor of h and 80?
16
Let z(r) = r**2 - 2*r + 7. Let v be z(-3). Calculate the greatest common factor of 44 and v.
22
Suppose 4*h = 20, -3*g + h - 56 = -3*h. Let i be ((-10)/(-8))/((-3)/12). Let k be (g/i)/(4/90). Calculate the highest common factor of 9 and k.
9
Let c be -1*15/3*-33. Calculate the highest common divisor of c and 15.
15
Suppose -5*s = -3*k - 308, 3*k - 4*s + 157 + 150 = 0. Let q = -3 - k. Calculate the highest common factor of q and 14.
14
Suppose 2*q = o - 2*q - 22, 4*q + 16 = -2*o. Suppose -o*u + 1 = -13. Suppose 4 = 2*w + 2*w. What is the highest common factor of u and w?
1
Let h(p) = -p**3 - 7*p**2 - 6*p + 1. Let q be h(-6). Let i be (6/4)/(q/10). What is the greatest common factor of i and 6?
3
Let n = 17 - 14. Suppose -t + 3*v + 6 = 4*v, t + 2*v - 8 = 0. Suppose -2*o + 16 - t = 0. What is the highest common divisor of n and o?
3
Let z(h) = -h + 10. Let c be z(7). Suppose 3*w = c + 3. Suppose w*a - 45 = a. What is the greatest common factor of a and 5?
5
Let r = 3 - -9. Let s = -6 + r. Suppose -s*y + 165 = -y. Calculate the highest common factor of 22 and y.
11
Suppose -5*o = -10, -4*l - 2*o = -0*o - 20. Calculate the highest common divisor of l and 44.
4
Suppose 0*i - 4*i = -52. Let s = -8 + 1. Let h(y) = y**3 + 8*y**2 + 3*y + 11. Let t be h(s). What is the highest common divisor of t and i?
13
Suppose 45 + 195 = 6*j. What is the great